{"id":7547,"date":"2024-07-05T12:33:18","date_gmt":"2024-07-05T12:33:18","guid":{"rendered":"https:\/\/www.protectiasocialaalba.ro\/nou\/?page_id=7547"},"modified":"2024-07-05T12:37:10","modified_gmt":"2024-07-05T12:37:10","slug":"date-statistice-trimestriale","status":"publish","type":"page","link":"https:\/\/www.protectiasocialaalba.ro\/nou\/date-statistice-trimestriale\/","title":{"rendered":"Date statistice trimestriale"},"content":{"rendered":"<div id='av_section_1'  class='avia-section av-ep133m-44dbf4c79d20ba1832917d3976e634aa main_color avia-section-huge avia-no-border-styling  avia-builder-el-0  el_before_av_section  avia-builder-el-first  avia-bg-style-scroll container_wrap fullsize'  ><div class='container av-section-cont-open' ><main  role=\"main\" itemprop=\"mainContentOfPage\"  class='template-page content  av-content-full alpha units'><div class='post-entry post-entry-type-page post-entry-7547'><div class='entry-content-wrapper clearfix'>\n\n<style type=\"text\/css\" data-created_by=\"avia_inline_auto\" id=\"style-css-av-ly8odlbz-ba50e0bd790f0cbe9ff3c99a296c9add\">\n#top .av-special-heading.av-ly8odlbz-ba50e0bd790f0cbe9ff3c99a296c9add{\nmargin:0 0 0 0;\npadding-bottom:0;\nfont-size:50px;\n}\nbody .av-special-heading.av-ly8odlbz-ba50e0bd790f0cbe9ff3c99a296c9add .av-special-heading-tag .heading-char{\nfont-size:25px;\n}\n#top #wrap_all .av-special-heading.av-ly8odlbz-ba50e0bd790f0cbe9ff3c99a296c9add .av-special-heading-tag{\nfont-size:50px;\n}\n.av-special-heading.av-ly8odlbz-ba50e0bd790f0cbe9ff3c99a296c9add .av-subheading{\nfont-size:30px;\n}\n\n@media only screen and (min-width: 480px) and (max-width: 767px){ \n#top #wrap_all .av-special-heading.av-ly8odlbz-ba50e0bd790f0cbe9ff3c99a296c9add .av-special-heading-tag{\nfont-size:0.8em;\n}\n}\n\n@media only screen and (max-width: 479px){ \n#top #wrap_all .av-special-heading.av-ly8odlbz-ba50e0bd790f0cbe9ff3c99a296c9add .av-special-heading-tag{\nfont-size:0.8em;\n}\n}\n<\/style>\n<div  class='av-special-heading av-ly8odlbz-ba50e0bd790f0cbe9ff3c99a296c9add av-special-heading-h3 blockquote modern-quote modern-centered  avia-builder-el-1  el_before_av_hr  avia-builder-el-first  av-inherit-size'><h3 class='av-special-heading-tag'  itemprop=\"headline\"  >Statistici trimestriale<\/h3><div class=\"special-heading-border\"><div class=\"special-heading-inner-border\"><\/div><\/div><\/div>\n\n<style type=\"text\/css\" data-created_by=\"avia_inline_auto\" id=\"style-css-av-cnarjm-95f33225ee2dbea8352940acc3227e93\">\n#top .hr.av-cnarjm-95f33225ee2dbea8352940acc3227e93{\nmargin-top:50px;\nmargin-bottom:65px;\n}\n.hr.av-cnarjm-95f33225ee2dbea8352940acc3227e93 .hr-inner{\nwidth:50px;\nborder-color:#d3d3d3;\nmax-width:45%;\n}\n.hr.av-cnarjm-95f33225ee2dbea8352940acc3227e93 .av-seperator-icon{\ncolor:#072f4c;\n}\n<\/style>\n<div  class='hr av-cnarjm-95f33225ee2dbea8352940acc3227e93 hr-custom  avia-builder-el-2  el_after_av_heading  el_before_av_one_third  hr-center hr-icon-yes'><span class='hr-inner inner-border-av-border-thin'><span class=\"hr-inner-style\"><\/span><\/span><span class='av-seperator-icon' aria-hidden='true' data-av_icon='\ue807' data-av_iconfont='entypo-fontello'><\/span><span class='hr-inner inner-border-av-border-thin'><span class=\"hr-inner-style\"><\/span><\/span><\/div>\n<div class='flex_column_table av-apdm9e-5b68f6621519c9f01fae7bc1b0374f22 sc-av_one_third av-equal-height-column-flextable'>\n<style type=\"text\/css\" data-created_by=\"avia_inline_auto\" id=\"style-css-av-apdm9e-5b68f6621519c9f01fae7bc1b0374f22\">\n#top .flex_column_table.av-equal-height-column-flextable.av-apdm9e-5b68f6621519c9f01fae7bc1b0374f22{\nmargin-top:0px;\nmargin-bottom:0px;\n}\n.flex_column.av-apdm9e-5b68f6621519c9f01fae7bc1b0374f22{\nborder-radius:3px 3px 3px 3px;\npadding:40px 40px 40px 40px;\nbackground-color:#072f4c;\n}\n<\/style>\n<div  class='flex_column av-apdm9e-5b68f6621519c9f01fae7bc1b0374f22 av_one_third  avia-builder-el-3  el_after_av_hr  el_before_av_one_third  first flex_column_table_cell av-equal-height-column av-align-middle av-animated-generic left-to-right  '     ><p>\n<style type=\"text\/css\" data-created_by=\"avia_inline_auto\" id=\"style-css-av-ly8oa6ud-28fcfb72deaca73f5d7eafca87ba6039\">\n#top .av-special-heading.av-ly8oa6ud-28fcfb72deaca73f5d7eafca87ba6039{\nmargin:25px 0 0 0;\npadding-bottom:10px;\ncolor:#ffffff;\n}\nbody .av-special-heading.av-ly8oa6ud-28fcfb72deaca73f5d7eafca87ba6039 .av-special-heading-tag .heading-char{\nfont-size:25px;\n}\n.av-special-heading.av-ly8oa6ud-28fcfb72deaca73f5d7eafca87ba6039 .special-heading-inner-border{\nborder-color:#ffffff;\n}\n.av-special-heading.av-ly8oa6ud-28fcfb72deaca73f5d7eafca87ba6039 .av-subheading{\nfont-size:15px;\n}\n<\/style>\n<div  class='av-special-heading av-ly8oa6ud-28fcfb72deaca73f5d7eafca87ba6039 av-special-heading-h2 custom-color-heading blockquote modern-quote modern-centered  avia-builder-el-4  el_before_av_hr  avia-builder-el-first '><h2 class='av-special-heading-tag'  itemprop=\"headline\"  >Fi\u0219e trimestriale<\/h2><div class=\"special-heading-border\"><div class=\"special-heading-inner-border\"><\/div><\/div><\/div><br \/>\n\n<style type=\"text\/css\" data-created_by=\"avia_inline_auto\" id=\"style-css-av-9bw2gi-92e6afce74bf33b9f39e0e836475e17c\">\n#top .hr.hr-invisible.av-9bw2gi-92e6afce74bf33b9f39e0e836475e17c{\nheight:20px;\n}\n<\/style>\n<div  class='hr av-9bw2gi-92e6afce74bf33b9f39e0e836475e17c hr-invisible  avia-builder-el-5  el_after_av_heading  el_before_av_button '><span class='hr-inner '><span class=\"hr-inner-style\"><\/span><\/span><\/div><br \/>\n<div  class='avia-button-wrap av-ly8oan50-81c84c5642bc2075ead25fd7b9c17869-wrap avia-button-center  avia-builder-el-6  el_after_av_hr  avia-builder-el-last '>\n<style type=\"text\/css\" data-created_by=\"avia_inline_auto\" id=\"style-css-av-ly8oan50-81c84c5642bc2075ead25fd7b9c17869\">\n#top #wrap_all .avia-button.av-ly8oan50-81c84c5642bc2075ead25fd7b9c17869{\nbackground-color:#ffffff;\nborder-color:#ffffff;\ncolor:#0a0a0a;\ntransition:all 0.4s ease-in-out;\n}\n<\/style>\n<a href='https:\/\/www.protectiasocialaalba.ro\/nou\/fise-trimestriale\/'  class='avia-button av-ly8oan50-81c84c5642bc2075ead25fd7b9c17869 av-link-btn avia-icon_select-yes-right-icon avia-size-large avia-position-center av-icon-on-hover'  ><span class='avia_iconbox_title' >Mai multe detalii<\/span><span class='avia_button_icon avia_button_icon_right' aria-hidden='true' data-av_icon='\ue879' data-av_iconfont='entypo-fontello'><\/span><\/a><\/div><\/p><\/div><div class='av-flex-placeholder'><\/div>\n<style type=\"text\/css\" data-created_by=\"avia_inline_auto\" id=\"style-css-av-6u2tuq-f53ba7b65a4b788821eb773775561d42\">\n#top .flex_column_table.av-equal-height-column-flextable.av-6u2tuq-f53ba7b65a4b788821eb773775561d42{\nmargin-top:0px;\nmargin-bottom:0px;\n}\n.flex_column.av-6u2tuq-f53ba7b65a4b788821eb773775561d42{\nborder-radius:3px 3px 3px 3px;\npadding:40px 40px 40px 40px;\nbackground-color:#094978;\nbackground:linear-gradient( to top right, #094978, #105e96 );\n}\n<\/style>\n<div  class='flex_column av-6u2tuq-f53ba7b65a4b788821eb773775561d42 av_one_third  avia-builder-el-7  el_after_av_one_third  el_before_av_one_third  flex_column_table_cell av-equal-height-column av-align-middle av-animated-generic left-to-right  '     ><p>\n<style type=\"text\/css\" data-created_by=\"avia_inline_auto\" id=\"style-css-av-ly8obua7-84f17edc9b50e5ec8a7f9e278e24e7f4\">\n#top .av-special-heading.av-ly8obua7-84f17edc9b50e5ec8a7f9e278e24e7f4{\nmargin:25px 0 0 0;\npadding-bottom:10px;\ncolor:#ffffff;\n}\nbody .av-special-heading.av-ly8obua7-84f17edc9b50e5ec8a7f9e278e24e7f4 .av-special-heading-tag .heading-char{\nfont-size:25px;\n}\n.av-special-heading.av-ly8obua7-84f17edc9b50e5ec8a7f9e278e24e7f4 .special-heading-inner-border{\nborder-color:#ffffff;\n}\n.av-special-heading.av-ly8obua7-84f17edc9b50e5ec8a7f9e278e24e7f4 .av-subheading{\nfont-size:15px;\n}\n<\/style>\n<div  class='av-special-heading av-ly8obua7-84f17edc9b50e5ec8a7f9e278e24e7f4 av-special-heading-h2 custom-color-heading blockquote modern-quote modern-centered  avia-builder-el-8  el_before_av_hr  avia-builder-el-first '><h2 class='av-special-heading-tag'  itemprop=\"headline\"  >Copii cu \u00eencadrare \u00een grad de handicap<\/h2><div class=\"special-heading-border\"><div class=\"special-heading-inner-border\"><\/div><\/div><\/div><br \/>\n\n<style type=\"text\/css\" data-created_by=\"avia_inline_auto\" id=\"style-css-av-5ug1aq-a83d146205282aa5a6c9d52e57b2229d\">\n#top .hr.hr-invisible.av-5ug1aq-a83d146205282aa5a6c9d52e57b2229d{\nheight:20px;\n}\n<\/style>\n<div  class='hr av-5ug1aq-a83d146205282aa5a6c9d52e57b2229d hr-invisible  avia-builder-el-9  el_after_av_heading  el_before_av_button '><span class='hr-inner '><span class=\"hr-inner-style\"><\/span><\/span><\/div><br \/>\n<div  class='avia-button-wrap av-ly8oc6d7-29d1c3b8e682cd17d269f79b67cddcae-wrap avia-button-center  avia-builder-el-10  el_after_av_hr  avia-builder-el-last '>\n<style type=\"text\/css\" data-created_by=\"avia_inline_auto\" id=\"style-css-av-ly8oc6d7-29d1c3b8e682cd17d269f79b67cddcae\">\n#top #wrap_all .avia-button.av-ly8oc6d7-29d1c3b8e682cd17d269f79b67cddcae{\nbackground-color:#ffffff;\nborder-color:#ffffff;\ncolor:#000000;\ntransition:all 0.4s ease-in-out;\n}\n<\/style>\n<a href='https:\/\/www.protectiasocialaalba.ro\/nou\/copii-cu-incadrare-in-grad-de-handicap\/'  class='avia-button av-ly8oc6d7-29d1c3b8e682cd17d269f79b67cddcae av-link-btn avia-icon_select-yes-right-icon avia-size-large avia-position-center av-icon-on-hover'  ><span class='avia_iconbox_title' >Mai multe detalii<\/span><span class='avia_button_icon avia_button_icon_right' aria-hidden='true' data-av_icon='\ue879' data-av_iconfont='entypo-fontello'><\/span><\/a><\/div><\/p><\/div><div class='av-flex-placeholder'><\/div>\n<style type=\"text\/css\" data-created_by=\"avia_inline_auto\" id=\"style-css-av-3zcwuq-2de143ad5da34215313dcd0d891f6df8\">\n#top .flex_column_table.av-equal-height-column-flextable.av-3zcwuq-2de143ad5da34215313dcd0d891f6df8{\nmargin-top:0px;\nmargin-bottom:0px;\n}\n.flex_column.av-3zcwuq-2de143ad5da34215313dcd0d891f6df8{\nborder-radius:3px 3px 3px 3px;\npadding:40px 40px 40px 40px;\nbackground-color:#072f4c;\n}\n<\/style>\n<div  class='flex_column av-3zcwuq-2de143ad5da34215313dcd0d891f6df8 av_one_third  avia-builder-el-11  el_after_av_one_third  avia-builder-el-last  flex_column_table_cell av-equal-height-column av-align-middle av-animated-generic left-to-right  '     ><p>\n<style type=\"text\/css\" data-created_by=\"avia_inline_auto\" id=\"style-css-av-ly8ock3c-26c0c6f608c2e99336a385f83ddf507a\">\n#top .av-special-heading.av-ly8ock3c-26c0c6f608c2e99336a385f83ddf507a{\nmargin:25px 0 0 0;\npadding-bottom:10px;\ncolor:#ffffff;\n}\nbody .av-special-heading.av-ly8ock3c-26c0c6f608c2e99336a385f83ddf507a .av-special-heading-tag .heading-char{\nfont-size:25px;\n}\n.av-special-heading.av-ly8ock3c-26c0c6f608c2e99336a385f83ddf507a .special-heading-inner-border{\nborder-color:#ffffff;\n}\n.av-special-heading.av-ly8ock3c-26c0c6f608c2e99336a385f83ddf507a .av-subheading{\nfont-size:15px;\n}\n<\/style>\n<div  class='av-special-heading av-ly8ock3c-26c0c6f608c2e99336a385f83ddf507a av-special-heading-h2 custom-color-heading blockquote modern-quote modern-centered  avia-builder-el-12  el_before_av_hr  avia-builder-el-first '><h2 class='av-special-heading-tag'  itemprop=\"headline\"  >Copii cu p\u0103rin\u021bi pleca\u021bi \u00een str\u0103in\u0103tate<\/h2><div class=\"special-heading-border\"><div class=\"special-heading-inner-border\"><\/div><\/div><\/div><br \/>\n\n<style type=\"text\/css\" data-created_by=\"avia_inline_auto\" id=\"style-css-av-34mqbm-17fe13800476e8e2d8dcf350bc2f44b8\">\n#top .hr.hr-invisible.av-34mqbm-17fe13800476e8e2d8dcf350bc2f44b8{\nheight:20px;\n}\n<\/style>\n<div  class='hr av-34mqbm-17fe13800476e8e2d8dcf350bc2f44b8 hr-invisible  avia-builder-el-13  el_after_av_heading  el_before_av_button '><span class='hr-inner '><span class=\"hr-inner-style\"><\/span><\/span><\/div><br \/>\n<div  class='avia-button-wrap av-ly8ocsl3-b073020cc8d0ec656d43eb7737cd126c-wrap avia-button-center  avia-builder-el-14  el_after_av_hr  avia-builder-el-last '>\n<style type=\"text\/css\" data-created_by=\"avia_inline_auto\" id=\"style-css-av-ly8ocsl3-b073020cc8d0ec656d43eb7737cd126c\">\n#top #wrap_all .avia-button.av-ly8ocsl3-b073020cc8d0ec656d43eb7737cd126c{\nbackground-color:#ffffff;\nborder-color:#ffffff;\ncolor:#000000;\ntransition:all 0.4s ease-in-out;\n}\n<\/style>\n<a href='https:\/\/www.protectiasocialaalba.ro\/nou\/copii-cu-parinti-plecati-in-strainatate\/'  class='avia-button av-ly8ocsl3-b073020cc8d0ec656d43eb7737cd126c av-link-btn avia-icon_select-yes-right-icon avia-size-large avia-position-center av-icon-on-hover'  ><span class='avia_iconbox_title' >Mai multe detalii<\/span><span class='avia_button_icon avia_button_icon_right' aria-hidden='true' data-av_icon='\ue879' data-av_iconfont='entypo-fontello'><\/span><\/a><\/div><\/p><\/div><\/div><!--close column table wrapper. Autoclose: 1 --><\/div><\/div><\/main><!-- close content main element --><\/div><\/div><div id='av_section_2'  class='avia-section av-ly8ojyqy-5b358c0d2ac52deb247b9fd06a376ca9 main_color avia-section-small avia-no-border-styling  avia-builder-el-15  el_after_av_section  avia-builder-el-last  avia-bg-style-scroll container_wrap fullsize'  ><div class='container av-section-cont-open' ><div class='template-page content  av-content-full alpha units'><div class='post-entry post-entry-type-page post-entry-7547'><div class='entry-content-wrapper clearfix'>\n<div class='flex_column_table av-av_one_third-07e97bd707155d7ae40137771515cd91 sc-av_one_third av-equal-height-column-flextable'>\n<style type=\"text\/css\" data-created_by=\"avia_inline_auto\" id=\"style-css-av-av_one_third-07e97bd707155d7ae40137771515cd91\">\n#top .flex_column_table.av-equal-height-column-flextable.av-av_one_third-07e97bd707155d7ae40137771515cd91{\nmargin-top:0px;\nmargin-bottom:0px;\n}\n.flex_column.av-av_one_third-07e97bd707155d7ae40137771515cd91{\nborder-radius:3px 3px 3px 3px;\npadding:40px 40px 40px 40px;\nbackground-color:#072f4c;\n}\n<\/style>\n<div  class='flex_column av-av_one_third-07e97bd707155d7ae40137771515cd91 av_one_third  avia-builder-el-16  el_before_av_one_third  avia-builder-el-first  first flex_column_table_cell av-equal-height-column av-align-middle av-animated-generic left-to-right  '     ><p>\n<style type=\"text\/css\" data-created_by=\"avia_inline_auto\" id=\"style-css-av-ly8oi5g4-05e537102e42f6757a1758e1c2c435bd\">\n#top .av-special-heading.av-ly8oi5g4-05e537102e42f6757a1758e1c2c435bd{\nmargin:25px 0 0 0;\npadding-bottom:10px;\ncolor:#ffffff;\n}\nbody .av-special-heading.av-ly8oi5g4-05e537102e42f6757a1758e1c2c435bd .av-special-heading-tag .heading-char{\nfont-size:25px;\n}\n.av-special-heading.av-ly8oi5g4-05e537102e42f6757a1758e1c2c435bd .special-heading-inner-border{\nborder-color:#ffffff;\n}\n.av-special-heading.av-ly8oi5g4-05e537102e42f6757a1758e1c2c435bd .av-subheading{\nfont-size:15px;\n}\n<\/style>\n<div  class='av-special-heading av-ly8oi5g4-05e537102e42f6757a1758e1c2c435bd av-special-heading-h2 custom-color-heading blockquote modern-quote modern-centered  avia-builder-el-17  el_before_av_hr  avia-builder-el-first '><h2 class='av-special-heading-tag'  itemprop=\"headline\"  >Copii p\u0103r\u0103si\u021bi \u00een unit\u0103\u021bi sanitare<\/h2><div class=\"special-heading-border\"><div class=\"special-heading-inner-border\"><\/div><\/div><\/div><br \/>\n\n<style type=\"text\/css\" data-created_by=\"avia_inline_auto\" id=\"style-css-av-av_hr-cc88effc45839a709066c68716a550f9\">\n#top .hr.hr-invisible.av-av_hr-cc88effc45839a709066c68716a550f9{\nheight:20px;\n}\n<\/style>\n<div  class='hr av-av_hr-cc88effc45839a709066c68716a550f9 hr-invisible  avia-builder-el-18  el_after_av_heading  el_before_av_button '><span class='hr-inner '><span class=\"hr-inner-style\"><\/span><\/span><\/div><br \/>\n<div  class='avia-button-wrap av-ly8oibmk-52464f8b2a556e297993e620c45dc40b-wrap avia-button-center  avia-builder-el-19  el_after_av_hr  avia-builder-el-last '>\n<style type=\"text\/css\" data-created_by=\"avia_inline_auto\" id=\"style-css-av-ly8oibmk-52464f8b2a556e297993e620c45dc40b\">\n#top #wrap_all .avia-button.av-ly8oibmk-52464f8b2a556e297993e620c45dc40b{\nbackground-color:#ffffff;\nborder-color:#ffffff;\ncolor:#0a0a0a;\ntransition:all 0.4s ease-in-out;\n}\n<\/style>\n<a href='https:\/\/www.protectiasocialaalba.ro\/nou\/copii-parasiti-in-unitati-sanitare\/'  class='avia-button av-ly8oibmk-52464f8b2a556e297993e620c45dc40b av-link-btn avia-icon_select-yes-right-icon avia-size-large avia-position-center av-icon-on-hover'  ><span class='avia_iconbox_title' >Mai multe detalii<\/span><span class='avia_button_icon avia_button_icon_right' aria-hidden='true' data-av_icon='\ue879' data-av_iconfont='entypo-fontello'><\/span><\/a><\/div><\/p><\/div><div class='av-flex-placeholder'><\/div>\n<style type=\"text\/css\" data-created_by=\"avia_inline_auto\" id=\"style-css-av-ly8oix0w-c81ddd96e888bba73927b63a721edd0e\">\n#top .flex_column_table.av-equal-height-column-flextable.av-ly8oix0w-c81ddd96e888bba73927b63a721edd0e{\nmargin-top:0px;\nmargin-bottom:0px;\n}\n.flex_column.av-ly8oix0w-c81ddd96e888bba73927b63a721edd0e{\nborder-radius:3px 3px 3px 3px;\npadding:40px 40px 40px 40px;\nbackground-color:#ffffff;\nbackground:linear-gradient( to top right, #ffffff, #ffffff );\n}\n<\/style>\n<div  class='flex_column av-ly8oix0w-c81ddd96e888bba73927b63a721edd0e av_one_third  avia-builder-el-20  el_after_av_one_third  el_before_av_one_third  flex_column_table_cell av-equal-height-column av-align-middle av-animated-generic left-to-right  '     ><\/div><div class='av-flex-placeholder'><\/div>\n<style type=\"text\/css\" data-created_by=\"avia_inline_auto\" id=\"style-css-av-ly8oj3y3-4a367126fc5c7603a4e955ba11536922\">\n#top .flex_column_table.av-equal-height-column-flextable.av-ly8oj3y3-4a367126fc5c7603a4e955ba11536922{\nmargin-top:0px;\nmargin-bottom:0px;\n}\n.flex_column.av-ly8oj3y3-4a367126fc5c7603a4e955ba11536922{\nborder-radius:3px 3px 3px 3px;\npadding:40px 40px 40px 40px;\nbackground-color:#ffffff;\n}\n<\/style>\n<div  class='flex_column av-ly8oj3y3-4a367126fc5c7603a4e955ba11536922 av_one_third  avia-builder-el-21  el_after_av_one_third  avia-builder-el-last  flex_column_table_cell av-equal-height-column av-align-middle av-animated-generic left-to-right  '     ><\/div><\/div><!--close column table wrapper. Autoclose: 1 --><\/p>\n","protected":false},"excerpt":{"rendered":"","protected":false},"author":1,"featured_media":0,"parent":0,"menu_order":0,"comment_status":"closed","ping_status":"closed","template":"","meta":{"footnotes":""},"_links":{"self":[{"href":"https:\/\/www.protectiasocialaalba.ro\/nou\/wp-json\/wp\/v2\/pages\/7547"}],"collection":[{"href":"https:\/\/www.protectiasocialaalba.ro\/nou\/wp-json\/wp\/v2\/pages"}],"about":[{"href":"https:\/\/www.protectiasocialaalba.ro\/nou\/wp-json\/wp\/v2\/types\/page"}],"author":[{"embeddable":true,"href":"https:\/\/www.protectiasocialaalba.ro\/nou\/wp-json\/wp\/v2\/users\/1"}],"replies":[{"embeddable":true,"href":"https:\/\/www.protectiasocialaalba.ro\/nou\/wp-json\/wp\/v2\/comments?post=7547"}],"version-history":[{"count":7,"href":"https:\/\/www.protectiasocialaalba.ro\/nou\/wp-json\/wp\/v2\/pages\/7547\/revisions"}],"predecessor-version":[{"id":7556,"href":"https:\/\/www.protectiasocialaalba.ro\/nou\/wp-json\/wp\/v2\/pages\/7547\/revisions\/7556"}],"wp:attachment":[{"href":"https:\/\/www.protectiasocialaalba.ro\/nou\/wp-json\/wp\/v2\/media?parent=7547"}],"curies":[{"name":"wp","href":"https:\/\/api.w.org\/{rel}","templated":true}]}}